{"id":277,"date":"2023-06-07T20:52:51","date_gmt":"2023-06-07T20:52:51","guid":{"rendered":"https:\/\/retribute.iesazorin.com\/?page_id=277"},"modified":"2023-06-07T22:12:43","modified_gmt":"2023-06-07T22:12:43","slug":"eger-february-2023","status":"publish","type":"page","link":"https:\/\/retribute.iesazorin.com\/index.php\/eger-february-2023\/","title":{"rendered":"Eger, February 2023"},"content":{"rendered":"\n<figure class=\"wp-block-gallery has-nested-images columns-default is-cropped wp-block-gallery-1 is-layout-flex\">\n<figure class=\"wp-block-image size-large\"><img decoding=\"async\" loading=\"lazy\" width=\"1024\" height=\"768\" data-id=\"239\"  src=\"https:\/\/retribute.iesazorin.com\/wp-content\/uploads\/2023\/06\/IMG-20230303-WA0028-1024x768.jpg\" alt=\"\" class=\"wp-image-239\" srcset=\"https:\/\/retribute.iesazorin.com\/wp-content\/uploads\/2023\/06\/IMG-20230303-WA0028-1024x768.jpg 1024w, https:\/\/retribute.iesazorin.com\/wp-content\/uploads\/2023\/06\/IMG-20230303-WA0028-300x225.jpg 300w, https:\/\/retribute.iesazorin.com\/wp-content\/uploads\/2023\/06\/IMG-20230303-WA0028-768x576.jpg 768w, https:\/\/retribute.iesazorin.com\/wp-content\/uploads\/2023\/06\/IMG-20230303-WA0028-1536x1152.jpg 1536w, https:\/\/retribute.iesazorin.com\/wp-content\/uploads\/2023\/06\/IMG-20230303-WA0028-467x350.jpg 467w, https:\/\/retribute.iesazorin.com\/wp-content\/uploads\/2023\/06\/IMG-20230303-WA0028-150x113.jpg 150w, https:\/\/retribute.iesazorin.com\/wp-content\/uploads\/2023\/06\/IMG-20230303-WA0028.jpg 2048w\" sizes=\"(max-width: 1024px) 100vw, 1024px\" \/><\/figure>\n<\/figure>\n\n\n\n<p>Eleven female students and one male student from IES Azor\u00edn, along with two teachers, have participated in a mobility within our Erasmus+ project rEtribUte in the Hungarian city of Eger, alongside our two partner schools, Thomas Mann Gymnasium in Berlin and Egri P\u00e1sztorv\u00f6lgyi \u00c1ltal\u00e1nos Iskola \u00e9s Gimn\u00e1zium in the host town.<\/p>\n\n\n\n<p>The experience has allowed us to share our previous work related to the words of our lives, the rescue and exchange of expressions that we have selected through interviews with our elders in the three countries. This research has led us to get to know our grandmothers and grandfathers through their language and the activities that were associated with it.<\/p>\n\n\n\n<p>During our stay, our students had the opportunity to meet students from the German and Hungarian schools and to get to know the culture and the city that hosted them. All the participants of the project were received at the town hall of Eger by the deputy mayor and they shared visits to emblematic places such as the castle, the city&#8217;s minaret, the Maty\u00f3 Museum, and the Hadas open air Museum. They also shared some other cultural activities related to the project.<\/p>\n\n\n\n<p>Unforgettable days that ended last Friday with the sadness of farewells but with the excitement of having participated in an immensely enriching project from a personal and academic perspective.<\/p>\n\n\n\n<figure class=\"wp-block-gallery has-nested-images columns-default is-cropped wp-block-gallery-3 is-layout-flex\">\n<figure class=\"wp-block-image size-large\"><img decoding=\"async\" loading=\"lazy\" width=\"1024\" height=\"768\" data-id=\"291\"  src=\"https:\/\/retribute.iesazorin.com\/wp-content\/uploads\/2023\/06\/IMG-20230226-WA0004-1024x768.jpg\" alt=\"\" class=\"wp-image-291\" srcset=\"https:\/\/retribute.iesazorin.com\/wp-content\/uploads\/2023\/06\/IMG-20230226-WA0004-1024x768.jpg 1024w, https:\/\/retribute.iesazorin.com\/wp-content\/uploads\/2023\/06\/IMG-20230226-WA0004-300x225.jpg 300w, https:\/\/retribute.iesazorin.com\/wp-content\/uploads\/2023\/06\/IMG-20230226-WA0004-768x576.jpg 768w, https:\/\/retribute.iesazorin.com\/wp-content\/uploads\/2023\/06\/IMG-20230226-WA0004-1536x1152.jpg 1536w, https:\/\/retribute.iesazorin.com\/wp-content\/uploads\/2023\/06\/IMG-20230226-WA0004-467x350.jpg 467w, https:\/\/retribute.iesazorin.com\/wp-content\/uploads\/2023\/06\/IMG-20230226-WA0004-150x113.jpg 150w, https:\/\/retribute.iesazorin.com\/wp-content\/uploads\/2023\/06\/IMG-20230226-WA0004.jpg 2000w\" sizes=\"(max-width: 1024px) 100vw, 1024px\" \/><\/figure>\n\n\n\n<figure class=\"wp-block-image size-large\"><img decoding=\"async\" loading=\"lazy\" width=\"1024\" height=\"768\" data-id=\"318\"  src=\"https:\/\/retribute.iesazorin.com\/wp-content\/uploads\/2023\/06\/IMG-20230304-WA0064.jpg\" alt=\"\" class=\"wp-image-318\" srcset=\"https:\/\/retribute.iesazorin.com\/wp-content\/uploads\/2023\/06\/IMG-20230304-WA0064.jpg 1024w, https:\/\/retribute.iesazorin.com\/wp-content\/uploads\/2023\/06\/IMG-20230304-WA0064-300x225.jpg 300w, https:\/\/retribute.iesazorin.com\/wp-content\/uploads\/2023\/06\/IMG-20230304-WA0064-768x576.jpg 768w, https:\/\/retribute.iesazorin.com\/wp-content\/uploads\/2023\/06\/IMG-20230304-WA0064-467x350.jpg 467w, https:\/\/retribute.iesazorin.com\/wp-content\/uploads\/2023\/06\/IMG-20230304-WA0064-150x113.jpg 150w\" sizes=\"(max-width: 1024px) 100vw, 1024px\" \/><\/figure>\n\n\n\n<figure class=\"wp-block-image size-large\"><img decoding=\"async\" loading=\"lazy\" width=\"1024\" height=\"760\" data-id=\"238\"  src=\"https:\/\/retribute.iesazorin.com\/wp-content\/uploads\/2023\/06\/IMG-20230302-WA0021-1024x760.jpg\" alt=\"\" class=\"wp-image-238\" srcset=\"https:\/\/retribute.iesazorin.com\/wp-content\/uploads\/2023\/06\/IMG-20230302-WA0021-1024x760.jpg 1024w, https:\/\/retribute.iesazorin.com\/wp-content\/uploads\/2023\/06\/IMG-20230302-WA0021-300x223.jpg 300w, https:\/\/retribute.iesazorin.com\/wp-content\/uploads\/2023\/06\/IMG-20230302-WA0021-768x570.jpg 768w, https:\/\/retribute.iesazorin.com\/wp-content\/uploads\/2023\/06\/IMG-20230302-WA0021-1536x1139.jpg 1536w, https:\/\/retribute.iesazorin.com\/wp-content\/uploads\/2023\/06\/IMG-20230302-WA0021-472x350.jpg 472w, https:\/\/retribute.iesazorin.com\/wp-content\/uploads\/2023\/06\/IMG-20230302-WA0021-150x111.jpg 150w, https:\/\/retribute.iesazorin.com\/wp-content\/uploads\/2023\/06\/IMG-20230302-WA0021.jpg 1599w\" sizes=\"(max-width: 1024px) 100vw, 1024px\" \/><\/figure>\n<\/figure>\n\n\n\n<figure class=\"wp-block-gallery has-nested-images columns-default is-cropped wp-block-gallery-5 is-layout-flex\">\n<figure class=\"wp-block-image size-large\"><img decoding=\"async\" loading=\"lazy\" width=\"768\" height=\"1024\" data-id=\"316\"  src=\"https:\/\/retribute.iesazorin.com\/wp-content\/uploads\/2023\/06\/IMG-20230304-WA0047.jpg\" alt=\"\" class=\"wp-image-316\" srcset=\"https:\/\/retribute.iesazorin.com\/wp-content\/uploads\/2023\/06\/IMG-20230304-WA0047.jpg 768w, https:\/\/retribute.iesazorin.com\/wp-content\/uploads\/2023\/06\/IMG-20230304-WA0047-225x300.jpg 225w, https:\/\/retribute.iesazorin.com\/wp-content\/uploads\/2023\/06\/IMG-20230304-WA0047-263x350.jpg 263w, https:\/\/retribute.iesazorin.com\/wp-content\/uploads\/2023\/06\/IMG-20230304-WA0047-113x150.jpg 113w\" sizes=\"(max-width: 768px) 100vw, 768px\" \/><\/figure>\n\n\n\n<figure class=\"wp-block-image size-large\"><img decoding=\"async\" loading=\"lazy\" width=\"760\" height=\"1024\" data-id=\"294\"  src=\"https:\/\/retribute.iesazorin.com\/wp-content\/uploads\/2023\/06\/IMG-20230227-WA0027-760x1024.jpg\" alt=\"\" class=\"wp-image-294\" srcset=\"https:\/\/retribute.iesazorin.com\/wp-content\/uploads\/2023\/06\/IMG-20230227-WA0027-760x1024.jpg 760w, https:\/\/retribute.iesazorin.com\/wp-content\/uploads\/2023\/06\/IMG-20230227-WA0027-223x300.jpg 223w, https:\/\/retribute.iesazorin.com\/wp-content\/uploads\/2023\/06\/IMG-20230227-WA0027-768x1035.jpg 768w, https:\/\/retribute.iesazorin.com\/wp-content\/uploads\/2023\/06\/IMG-20230227-WA0027-1139x1536.jpg 1139w, https:\/\/retribute.iesazorin.com\/wp-content\/uploads\/2023\/06\/IMG-20230227-WA0027-260x350.jpg 260w, https:\/\/retribute.iesazorin.com\/wp-content\/uploads\/2023\/06\/IMG-20230227-WA0027-111x150.jpg 111w, https:\/\/retribute.iesazorin.com\/wp-content\/uploads\/2023\/06\/IMG-20230227-WA0027.jpg 1186w\" sizes=\"(max-width: 760px) 100vw, 760px\" \/><\/figure>\n\n\n\n<figure class=\"wp-block-image size-large\"><img decoding=\"async\" loading=\"lazy\" width=\"768\" height=\"1024\" data-id=\"295\"  src=\"https:\/\/retribute.iesazorin.com\/wp-content\/uploads\/2023\/06\/IMG-20230227-WA0028-768x1024.jpg\" alt=\"\" class=\"wp-image-295\" srcset=\"https:\/\/retribute.iesazorin.com\/wp-content\/uploads\/2023\/06\/IMG-20230227-WA0028-768x1024.jpg 768w, https:\/\/retribute.iesazorin.com\/wp-content\/uploads\/2023\/06\/IMG-20230227-WA0028-225x300.jpg 225w, https:\/\/retribute.iesazorin.com\/wp-content\/uploads\/2023\/06\/IMG-20230227-WA0028-1152x1536.jpg 1152w, https:\/\/retribute.iesazorin.com\/wp-content\/uploads\/2023\/06\/IMG-20230227-WA0028-263x350.jpg 263w, https:\/\/retribute.iesazorin.com\/wp-content\/uploads\/2023\/06\/IMG-20230227-WA0028-113x150.jpg 113w, https:\/\/retribute.iesazorin.com\/wp-content\/uploads\/2023\/06\/IMG-20230227-WA0028.jpg 1536w\" sizes=\"(max-width: 768px) 100vw, 768px\" \/><\/figure>\n\n\n\n<figure class=\"wp-block-image size-large\"><img decoding=\"async\" loading=\"lazy\" width=\"768\" height=\"1024\" data-id=\"307\"  src=\"https:\/\/retribute.iesazorin.com\/wp-content\/uploads\/2023\/06\/IMG-20230303-WA0032-768x1024.jpg\" alt=\"\" class=\"wp-image-307\" srcset=\"https:\/\/retribute.iesazorin.com\/wp-content\/uploads\/2023\/06\/IMG-20230303-WA0032-768x1024.jpg 768w, https:\/\/retribute.iesazorin.com\/wp-content\/uploads\/2023\/06\/IMG-20230303-WA0032-225x300.jpg 225w, https:\/\/retribute.iesazorin.com\/wp-content\/uploads\/2023\/06\/IMG-20230303-WA0032-1152x1536.jpg 1152w, https:\/\/retribute.iesazorin.com\/wp-content\/uploads\/2023\/06\/IMG-20230303-WA0032-263x350.jpg 263w, https:\/\/retribute.iesazorin.com\/wp-content\/uploads\/2023\/06\/IMG-20230303-WA0032-113x150.jpg 113w, https:\/\/retribute.iesazorin.com\/wp-content\/uploads\/2023\/06\/IMG-20230303-WA0032.jpg 1200w\" sizes=\"(max-width: 768px) 100vw, 768px\" \/><\/figure>\n\n\n\n<figure class=\"wp-block-image size-large\"><img decoding=\"async\" loading=\"lazy\" width=\"768\" height=\"1024\" data-id=\"308\"  src=\"https:\/\/retribute.iesazorin.com\/wp-content\/uploads\/2023\/06\/IMG-20230303-WA0033-768x1024.jpg\" alt=\"\" class=\"wp-image-308\" srcset=\"https:\/\/retribute.iesazorin.com\/wp-content\/uploads\/2023\/06\/IMG-20230303-WA0033-768x1024.jpg 768w, https:\/\/retribute.iesazorin.com\/wp-content\/uploads\/2023\/06\/IMG-20230303-WA0033-225x300.jpg 225w, https:\/\/retribute.iesazorin.com\/wp-content\/uploads\/2023\/06\/IMG-20230303-WA0033-1152x1536.jpg 1152w, https:\/\/retribute.iesazorin.com\/wp-content\/uploads\/2023\/06\/IMG-20230303-WA0033-263x350.jpg 263w, https:\/\/retribute.iesazorin.com\/wp-content\/uploads\/2023\/06\/IMG-20230303-WA0033-113x150.jpg 113w, https:\/\/retribute.iesazorin.com\/wp-content\/uploads\/2023\/06\/IMG-20230303-WA0033.jpg 1200w\" sizes=\"(max-width: 768px) 100vw, 768px\" \/><\/figure>\n\n\n<div class=\"wp-block-image\">\n<figure class=\"aligncenter size-large\"><img decoding=\"async\" loading=\"lazy\" width=\"1024\" height=\"658\" data-id=\"302\"  src=\"https:\/\/retribute.iesazorin.com\/wp-content\/uploads\/2023\/06\/IMG-20230301-WA0018.jpg\" alt=\"\" class=\"wp-image-302\" srcset=\"https:\/\/retribute.iesazorin.com\/wp-content\/uploads\/2023\/06\/IMG-20230301-WA0018.jpg 1024w, https:\/\/retribute.iesazorin.com\/wp-content\/uploads\/2023\/06\/IMG-20230301-WA0018-300x193.jpg 300w, https:\/\/retribute.iesazorin.com\/wp-content\/uploads\/2023\/06\/IMG-20230301-WA0018-768x494.jpg 768w, https:\/\/retribute.iesazorin.com\/wp-content\/uploads\/2023\/06\/IMG-20230301-WA0018-545x350.jpg 545w, https:\/\/retribute.iesazorin.com\/wp-content\/uploads\/2023\/06\/IMG-20230301-WA0018-150x96.jpg 150w\" sizes=\"(max-width: 1024px) 100vw, 1024px\" \/><\/figure><\/div>\n\n\n<figure class=\"wp-block-image size-large\"><img decoding=\"async\" loading=\"lazy\" width=\"554\" height=\"1011\" data-id=\"305\"  src=\"https:\/\/retribute.iesazorin.com\/wp-content\/uploads\/2023\/06\/IMG-20230302-WA0032.jpg\" alt=\"\" class=\"wp-image-305\" srcset=\"https:\/\/retribute.iesazorin.com\/wp-content\/uploads\/2023\/06\/IMG-20230302-WA0032.jpg 554w, https:\/\/retribute.iesazorin.com\/wp-content\/uploads\/2023\/06\/IMG-20230302-WA0032-164x300.jpg 164w, https:\/\/retribute.iesazorin.com\/wp-content\/uploads\/2023\/06\/IMG-20230302-WA0032-192x350.jpg 192w, https:\/\/retribute.iesazorin.com\/wp-content\/uploads\/2023\/06\/IMG-20230302-WA0032-82x150.jpg 82w\" sizes=\"(max-width: 554px) 100vw, 554px\" \/><\/figure>\n\n\n\n<figure class=\"wp-block-image size-large\"><img decoding=\"async\" loading=\"lazy\" width=\"768\" height=\"1024\" data-id=\"301\"  src=\"https:\/\/retribute.iesazorin.com\/wp-content\/uploads\/2023\/06\/IMG-20230301-WA0017.jpg\" alt=\"\" class=\"wp-image-301\" srcset=\"https:\/\/retribute.iesazorin.com\/wp-content\/uploads\/2023\/06\/IMG-20230301-WA0017.jpg 768w, https:\/\/retribute.iesazorin.com\/wp-content\/uploads\/2023\/06\/IMG-20230301-WA0017-225x300.jpg 225w, https:\/\/retribute.iesazorin.com\/wp-content\/uploads\/2023\/06\/IMG-20230301-WA0017-263x350.jpg 263w, https:\/\/retribute.iesazorin.com\/wp-content\/uploads\/2023\/06\/IMG-20230301-WA0017-113x150.jpg 113w\" sizes=\"(max-width: 768px) 100vw, 768px\" \/><\/figure>\n\n\n\n<figure class=\"wp-block-image size-large\"><img decoding=\"async\" loading=\"lazy\" width=\"992\" height=\"1024\" data-id=\"298\"  src=\"https:\/\/retribute.iesazorin.com\/wp-content\/uploads\/2023\/06\/IMG-20230228-WA0000-992x1024.jpg\" alt=\"\" class=\"wp-image-298\" srcset=\"https:\/\/retribute.iesazorin.com\/wp-content\/uploads\/2023\/06\/IMG-20230228-WA0000-992x1024.jpg 992w, https:\/\/retribute.iesazorin.com\/wp-content\/uploads\/2023\/06\/IMG-20230228-WA0000-291x300.jpg 291w, https:\/\/retribute.iesazorin.com\/wp-content\/uploads\/2023\/06\/IMG-20230228-WA0000-768x793.jpg 768w, https:\/\/retribute.iesazorin.com\/wp-content\/uploads\/2023\/06\/IMG-20230228-WA0000-1488x1536.jpg 1488w, https:\/\/retribute.iesazorin.com\/wp-content\/uploads\/2023\/06\/IMG-20230228-WA0000-339x350.jpg 339w, https:\/\/retribute.iesazorin.com\/wp-content\/uploads\/2023\/06\/IMG-20230228-WA0000-145x150.jpg 145w, https:\/\/retribute.iesazorin.com\/wp-content\/uploads\/2023\/06\/IMG-20230228-WA0000.jpg 1984w\" sizes=\"(max-width: 992px) 100vw, 992px\" \/><\/figure>\n\n\n\n<figure class=\"wp-block-image size-large\"><img decoding=\"async\" loading=\"lazy\" width=\"1024\" height=\"812\" data-id=\"297\"  src=\"https:\/\/retribute.iesazorin.com\/wp-content\/uploads\/2023\/06\/IMG-20230227-WA0042.jpg\" alt=\"\" class=\"wp-image-297\" srcset=\"https:\/\/retribute.iesazorin.com\/wp-content\/uploads\/2023\/06\/IMG-20230227-WA0042.jpg 1024w, https:\/\/retribute.iesazorin.com\/wp-content\/uploads\/2023\/06\/IMG-20230227-WA0042-300x238.jpg 300w, https:\/\/retribute.iesazorin.com\/wp-content\/uploads\/2023\/06\/IMG-20230227-WA0042-768x609.jpg 768w, https:\/\/retribute.iesazorin.com\/wp-content\/uploads\/2023\/06\/IMG-20230227-WA0042-441x350.jpg 441w, https:\/\/retribute.iesazorin.com\/wp-content\/uploads\/2023\/06\/IMG-20230227-WA0042-150x119.jpg 150w\" sizes=\"(max-width: 1024px) 100vw, 1024px\" \/><\/figure>\n\n\n\n<figure class=\"wp-block-image size-large\"><img decoding=\"async\" loading=\"lazy\" width=\"1024\" height=\"576\" data-id=\"317\"  src=\"https:\/\/retribute.iesazorin.com\/wp-content\/uploads\/2023\/06\/IMG-20230304-WA0048.jpg\" alt=\"\" class=\"wp-image-317\" srcset=\"https:\/\/retribute.iesazorin.com\/wp-content\/uploads\/2023\/06\/IMG-20230304-WA0048.jpg 1024w, https:\/\/retribute.iesazorin.com\/wp-content\/uploads\/2023\/06\/IMG-20230304-WA0048-300x169.jpg 300w, https:\/\/retribute.iesazorin.com\/wp-content\/uploads\/2023\/06\/IMG-20230304-WA0048-768x432.jpg 768w, https:\/\/retribute.iesazorin.com\/wp-content\/uploads\/2023\/06\/IMG-20230304-WA0048-622x350.jpg 622w, https:\/\/retribute.iesazorin.com\/wp-content\/uploads\/2023\/06\/IMG-20230304-WA0048-150x84.jpg 150w\" sizes=\"(max-width: 1024px) 100vw, 1024px\" \/><\/figure>\n\n\n\n<figure class=\"wp-block-image size-large\"><img decoding=\"async\" loading=\"lazy\" width=\"1024\" height=\"768\" data-id=\"321\"  src=\"https:\/\/retribute.iesazorin.com\/wp-content\/uploads\/2023\/06\/IMG-20230226-WA0027-1024x768.jpg\" alt=\"\" class=\"wp-image-321\" srcset=\"https:\/\/retribute.iesazorin.com\/wp-content\/uploads\/2023\/06\/IMG-20230226-WA0027-1024x768.jpg 1024w, https:\/\/retribute.iesazorin.com\/wp-content\/uploads\/2023\/06\/IMG-20230226-WA0027-300x225.jpg 300w, https:\/\/retribute.iesazorin.com\/wp-content\/uploads\/2023\/06\/IMG-20230226-WA0027-768x576.jpg 768w, https:\/\/retribute.iesazorin.com\/wp-content\/uploads\/2023\/06\/IMG-20230226-WA0027-1536x1152.jpg 1536w, https:\/\/retribute.iesazorin.com\/wp-content\/uploads\/2023\/06\/IMG-20230226-WA0027-467x350.jpg 467w, https:\/\/retribute.iesazorin.com\/wp-content\/uploads\/2023\/06\/IMG-20230226-WA0027-150x113.jpg 150w, https:\/\/retribute.iesazorin.com\/wp-content\/uploads\/2023\/06\/IMG-20230226-WA0027.jpg 1600w\" sizes=\"(max-width: 1024px) 100vw, 1024px\" \/><\/figure>\n\n\n\n<figure class=\"wp-block-image size-large\"><img decoding=\"async\" loading=\"lazy\" width=\"1024\" height=\"768\" data-id=\"303\"  src=\"https:\/\/retribute.iesazorin.com\/wp-content\/uploads\/2023\/06\/IMG-20230302-WA0016-1024x768.jpg\" alt=\"\" class=\"wp-image-303\" srcset=\"https:\/\/retribute.iesazorin.com\/wp-content\/uploads\/2023\/06\/IMG-20230302-WA0016-1024x768.jpg 1024w, https:\/\/retribute.iesazorin.com\/wp-content\/uploads\/2023\/06\/IMG-20230302-WA0016-300x225.jpg 300w, https:\/\/retribute.iesazorin.com\/wp-content\/uploads\/2023\/06\/IMG-20230302-WA0016-768x576.jpg 768w, https:\/\/retribute.iesazorin.com\/wp-content\/uploads\/2023\/06\/IMG-20230302-WA0016-1536x1152.jpg 1536w, https:\/\/retribute.iesazorin.com\/wp-content\/uploads\/2023\/06\/IMG-20230302-WA0016-467x350.jpg 467w, https:\/\/retribute.iesazorin.com\/wp-content\/uploads\/2023\/06\/IMG-20230302-WA0016-150x113.jpg 150w, https:\/\/retribute.iesazorin.com\/wp-content\/uploads\/2023\/06\/IMG-20230302-WA0016.jpg 2048w\" sizes=\"(max-width: 1024px) 100vw, 1024px\" \/><\/figure>\n\n\n\n<figure class=\"wp-block-image size-large\"><img decoding=\"async\" loading=\"lazy\" width=\"1024\" height=\"760\" data-id=\"304\"  src=\"https:\/\/retribute.iesazorin.com\/wp-content\/uploads\/2023\/06\/IMG-20230302-WA0029-1024x760.jpg\" alt=\"\" class=\"wp-image-304\" srcset=\"https:\/\/retribute.iesazorin.com\/wp-content\/uploads\/2023\/06\/IMG-20230302-WA0029-1024x760.jpg 1024w, https:\/\/retribute.iesazorin.com\/wp-content\/uploads\/2023\/06\/IMG-20230302-WA0029-300x223.jpg 300w, https:\/\/retribute.iesazorin.com\/wp-content\/uploads\/2023\/06\/IMG-20230302-WA0029-768x570.jpg 768w, https:\/\/retribute.iesazorin.com\/wp-content\/uploads\/2023\/06\/IMG-20230302-WA0029-1536x1139.jpg 1536w, https:\/\/retribute.iesazorin.com\/wp-content\/uploads\/2023\/06\/IMG-20230302-WA0029-472x350.jpg 472w, https:\/\/retribute.iesazorin.com\/wp-content\/uploads\/2023\/06\/IMG-20230302-WA0029-150x111.jpg 150w, https:\/\/retribute.iesazorin.com\/wp-content\/uploads\/2023\/06\/IMG-20230302-WA0029.jpg 1599w\" sizes=\"(max-width: 1024px) 100vw, 1024px\" \/><\/figure>\n\n\n\n<figure class=\"wp-block-image size-large\"><img decoding=\"async\" loading=\"lazy\" width=\"768\" height=\"1024\" data-id=\"306\"  src=\"https:\/\/retribute.iesazorin.com\/wp-content\/uploads\/2023\/06\/IMG-20230303-WA0000-768x1024.jpg\" alt=\"\" class=\"wp-image-306\" srcset=\"https:\/\/retribute.iesazorin.com\/wp-content\/uploads\/2023\/06\/IMG-20230303-WA0000-768x1024.jpg 768w, https:\/\/retribute.iesazorin.com\/wp-content\/uploads\/2023\/06\/IMG-20230303-WA0000-225x300.jpg 225w, https:\/\/retribute.iesazorin.com\/wp-content\/uploads\/2023\/06\/IMG-20230303-WA0000-1152x1536.jpg 1152w, https:\/\/retribute.iesazorin.com\/wp-content\/uploads\/2023\/06\/IMG-20230303-WA0000-263x350.jpg 263w, https:\/\/retribute.iesazorin.com\/wp-content\/uploads\/2023\/06\/IMG-20230303-WA0000-113x150.jpg 113w, https:\/\/retribute.iesazorin.com\/wp-content\/uploads\/2023\/06\/IMG-20230303-WA0000.jpg 1536w\" sizes=\"(max-width: 768px) 100vw, 768px\" \/><\/figure>\n\n\n\n<figure class=\"wp-block-image size-large\"><img decoding=\"async\" loading=\"lazy\" width=\"1024\" height=\"768\" data-id=\"314\"  src=\"https:\/\/retribute.iesazorin.com\/wp-content\/uploads\/2023\/06\/IMG-20230304-WA0045.jpg\" alt=\"\" class=\"wp-image-314\" srcset=\"https:\/\/retribute.iesazorin.com\/wp-content\/uploads\/2023\/06\/IMG-20230304-WA0045.jpg 1024w, https:\/\/retribute.iesazorin.com\/wp-content\/uploads\/2023\/06\/IMG-20230304-WA0045-300x225.jpg 300w, https:\/\/retribute.iesazorin.com\/wp-content\/uploads\/2023\/06\/IMG-20230304-WA0045-768x576.jpg 768w, https:\/\/retribute.iesazorin.com\/wp-content\/uploads\/2023\/06\/IMG-20230304-WA0045-467x350.jpg 467w, https:\/\/retribute.iesazorin.com\/wp-content\/uploads\/2023\/06\/IMG-20230304-WA0045-150x113.jpg 150w\" sizes=\"(max-width: 1024px) 100vw, 1024px\" \/><\/figure>\n\n\n\n<figure class=\"wp-block-image size-large\"><img decoding=\"async\" loading=\"lazy\" width=\"768\" height=\"1024\" data-id=\"312\"  src=\"https:\/\/retribute.iesazorin.com\/wp-content\/uploads\/2023\/06\/IMG-20230304-WA0023-768x1024.jpg\" alt=\"\" class=\"wp-image-312\" srcset=\"https:\/\/retribute.iesazorin.com\/wp-content\/uploads\/2023\/06\/IMG-20230304-WA0023-768x1024.jpg 768w, https:\/\/retribute.iesazorin.com\/wp-content\/uploads\/2023\/06\/IMG-20230304-WA0023-225x300.jpg 225w, https:\/\/retribute.iesazorin.com\/wp-content\/uploads\/2023\/06\/IMG-20230304-WA0023-1152x1536.jpg 1152w, https:\/\/retribute.iesazorin.com\/wp-content\/uploads\/2023\/06\/IMG-20230304-WA0023-263x350.jpg 263w, https:\/\/retribute.iesazorin.com\/wp-content\/uploads\/2023\/06\/IMG-20230304-WA0023-113x150.jpg 113w, https:\/\/retribute.iesazorin.com\/wp-content\/uploads\/2023\/06\/IMG-20230304-WA0023.jpg 1536w\" sizes=\"(max-width: 768px) 100vw, 768px\" \/><\/figure>\n<\/figure>\n","protected":false},"excerpt":{"rendered":"<p>Eleven female students and one male student from IES Azor\u00edn, along with two teachers, have participated in a mobility within our Erasmus+ project rEtribUte in the Hungarian city of Eger, alongside our two partner schools, Thomas Mann Gymnasium in Berlin and Egri P\u00e1sztorv\u00f6lgyi \u00c1ltal\u00e1nos Iskola \u00e9s Gimn\u00e1zium in the host &#8230; <a class=\"continue-reading-link\" href=\"https:\/\/retribute.iesazorin.com\/index.php\/eger-february-2023\/\"> Continue reading<\/a><\/p>\n","protected":false},"author":1,"featured_media":0,"parent":0,"menu_order":0,"comment_status":"closed","ping_status":"closed","template":"","meta":[],"_links":{"self":[{"href":"https:\/\/retribute.iesazorin.com\/index.php\/wp-json\/wp\/v2\/pages\/277"}],"collection":[{"href":"https:\/\/retribute.iesazorin.com\/index.php\/wp-json\/wp\/v2\/pages"}],"about":[{"href":"https:\/\/retribute.iesazorin.com\/index.php\/wp-json\/wp\/v2\/types\/page"}],"author":[{"embeddable":true,"href":"https:\/\/retribute.iesazorin.com\/index.php\/wp-json\/wp\/v2\/users\/1"}],"replies":[{"embeddable":true,"href":"https:\/\/retribute.iesazorin.com\/index.php\/wp-json\/wp\/v2\/comments?post=277"}],"version-history":[{"count":4,"href":"https:\/\/retribute.iesazorin.com\/index.php\/wp-json\/wp\/v2\/pages\/277\/revisions"}],"predecessor-version":[{"id":323,"href":"https:\/\/retribute.iesazorin.com\/index.php\/wp-json\/wp\/v2\/pages\/277\/revisions\/323"}],"wp:attachment":[{"href":"https:\/\/retribute.iesazorin.com\/index.php\/wp-json\/wp\/v2\/media?parent=277"}],"curies":[{"name":"wp","href":"https:\/\/api.w.org\/{rel}","templated":true}]}}